remainder when 1342 is divided by 1925/20 - 10/40?
94
Suppose -298 = 4*z - 118. Let y = 65 + z. What is the remainder when 77 is divided by y?
17
Let n be (6/10 + 42/5)/(-1). Let w be (1 - 1172/12) + 3/n. Let a = -14 - w. Calculate the remainder when a is divided by 28.
27
Let j = 252 + -100. Suppose -4*x + 1 = -19, 4*h + 4*x - j = 0. What is the remainder when h is divided by 24?
9
Suppose -7*i + 79*i - 2376 = 0. What is the remainder when 690 is divided by i?
30
Let x = -78 + 82. Suppose 4*m - 2*i = 3*i - 181, x*m + 187 = 3*i. Let b = m + 60. What is the remainder when 97 is divided by b?
9
Let t be 20/((3/9)/(10/30)). Let g(j) = -j**2 + 29*j - 167. Calculate the remainder when 61 is divided by g(t).
9
Let z be (-495)/30*(-258)/(-9). Let t = z - -492. Calculate the remainder when 167 is divided by t.
15
Let d = 82 - 74. Let o(c) = 3*c - 21. Let n be o(d). Calculate the remainder when 88 is divided by (n*12/9)/(6/69).
42
Calculate the remainder when (-19)/418 + (-25)/(-66) + (-1696)/(-6) is divided by 127.
29
Suppose w = -3*w + 88. Let m(i) = i**2 + 122*i - 1514. Calculate the remainder when m(-134) is divided by w.
6
Suppose 42 = 13*r - 10. Suppose 306 = r*o - 3*j + 103, 5*o + 3*j = 274. Calculate the remainder when 158 is divided by o.
52
Let h(r) = -r**3 - r**2 + r - 2. Suppose -28 = 6*b - 4. Let x = -35 - -50. Calculate the remainder when h(b) is divided by x.
12
Suppose 12*k = 11*k + 74. Let l = k - 70. What is the remainder when 87 is divided by l?
3
Suppose 4*g + 5*m = 271, -2*g + 6*m = m - 113. Suppose -1675*d + 694*d = -375723. Calculate the remainder when d is divided by g.
63
Let h be 792/20 - 8/(-20). What is the remainder when 163 is divided by (-1)/(1/2) - (-3 - h)?
40
What is the remainder when 160 is divided by 1*2 - (-82 - (14 - 16))?
78
What is the remainder when (-2846)/(-12) + 19 + 1526/(-84) is divided by 83?
72
Let d = -16 + 19. Suppose 10 = -g + 5*f, g + d*f + 45 = -5. Let t = g - -48. What is the remainder when 116 is divided by t?
12
Suppose 97 = -16183*p + 16184*p. Calculate the remainder when p is divided by 45.
7
Suppose -g + 5*s = -31, -4*s + 16 = g - 51. Let l = -7 + 11. Let p = l - -10. What is the remainder when g is divided by p?
9
Suppose -1217 = -15*n - 407. What is the remainder when n is divided by 16?
6
Let t = -43 - -41. Calculate the remainder when t/(-8)*(720 - (-4 + 8)) is divided by 20.
19
Suppose 110 = 3*j - 4*s, -4*s - 94 = -4*j + 54. Suppose 0 = -4*q + 4*l + 288, -3*q - 2*q - 3*l = -384. What is the remainder when q is divided by j?
37
What is the remainder when 421 is divided by (4/(-8))/(6/40*2/(-249))?
6
Suppose 4*a - 31*u - 239 = -36*u, 0 = -2*a - 4*u + 124. What is the remainder when 5206 is divided by a?
54
Suppose -10 = -2*m - 2*h, -7 = -4*m - 2*h + 9. Suppose 0 = -2*w + w - m*c - 4, -4*c - 27 = -3*w. Calculate the remainder when 14 is divided by w.
4
Let y = -54 + 130. Let b = -4 + 19. Calculate the remainder when b is divided by (-52)/(-7) - y/(-133).
7
Suppose -156*f + 20088 = 5112. Calculate the remainder when 2292 is divided by f.
84
Suppose 7*g - 1 - 130 = 51. Calculate the remainder when 2096 is divided by g.
16
Let i(m) = -16*m + 628. Calculate the remainder when i(21) is divided by 77.
61
Let q = 697 - 629. What is the remainder when q is divided by 57?
11
Let a be 2*-2 + 2 + (3054 - 39). Suppose 0 = -33*s + 10*s + a. What is the remainder when s is divided by 60?
11
Let m be 4 + (-1)/(-1 - (-190)/185). Let k = -26 - m. What is the remainder when 42 is divided by k?
0
Let k(u) = -4*u**3 - 161*u**2 - 38*u + 95. Calculate the remainder when 17 is divided by k(-40).
2
Let o be 6/(-30) + (-2 - 21/(-5)). Calculate the remainder when 93 is divided by (24/(-14)*o)/((-9)/84).
29
Let l(x) = 6*x - 5. Suppose a = -1, -3*v + 2678 = -5*a - 5751. What is the remainder when v/38 + (-18)/(-171) is divided by l(4)?
17
Let k = -160 + 163. Suppose -4*n + 36 = 4*h, -n - 2*h = k*h - 13. What is the remainder when 52 is divided by n?
4
Suppose 4 - 13 = -3*b. Suppose -5 = -x, 3*s = -b*x + 1 + 32. What is the remainder when 90/4 - 1/(-2) is divided by s?
5
Suppose -10*v = -7*v + 216. Let x = v - -75. Calculate the remainder when 46 + 14 + 1*x is divided by 32.
31
Let k(i) = i - 20. Let r be k(19). Let b be 4*5/(-2)*r. Let z = b - 0. What is the remainder when 25 is divided by z?
5
Let t = -14052 + 14218. What is the remainder when 25063 is divided by t?
163
Let z(w) = 5*w - 9. Let x be z(1). Calculate the remainder when (99 - x)/(((-16)/4)/(-4)) is divided by 36.
31
Let b(t) = -t**3 - 17*t**2 + 15*t - 49. Suppose 2*m + 3*j + 35 = -4, -4*m + 2*j - 70 = 0. What is the remainder when 33 is divided by b(m)?
3
Let o(y) = -39*y - 129. Let x be 3 - (-7)/((-7)/(-2)). Suppose 0 = -x*c + 75 + 105. What is the remainder when o(-6) is divided by c?
33
Suppose 3*y - 5*r = 3514, 24 = 2*r + 28. What is the remainder when y is divided by 117?
115
Let q(m) = -8*m - 150. Let g be (2 - -1)*1 - 1. Suppose 45 = -g*n + 7*n. Calculate the remainder when q(-22) is divided by n.
8
Suppose -14*g + 444 = -1516. What is the remainder when 430 is divided by g?
10
Suppose -2*g + 41 - 27 = 0. Let x = 4 - 6. Calculate the remainder when g is divided by 1/(x + (-27)/(-12)).
3
Let s(r) = 37*r + 2783. What is the remainder when 631 is divided by s(-69)?
171
Suppose 5*x + 113 = -2*r + 106, -5*x = -3*r + 52. What is the remainder when 12491 is divided by r?
8
Suppose 4*x = 2*y, -56*y + 59*y + 2*x = 0. Suppose -20*l + 10*l + 510 = y. Calculate the remainder when 99 is divided by l.
48
Let q(s) = -s**3 + 50*s**2 - 50*s + 407. What is the remainder when q(40) is divided by 10?
7
Suppose 5060 = -154*d + 209*d. Calculate the remainder when 158 is divided by d.
66
Let w(b) = 18*b - 8. Suppose -153 = -3*p - 6*p. Suppose 0 = 4*c - 3*d - p - 118, 4*d = -2*c + 40. Calculate the remainder when w(7) is divided by c.
28
Let p(o) be the second derivative of -o**3/6 - o**2/2 - 21*o. Let s be p(-7). Calculate the remainder when ((-6)/4)/(s/(-236)) is divided by 15.
14
Suppose 0 = -3*u + x + 1, 0*u + 2*u - 5*x = 5. Let s = 21 + u. Suppose -3*m - 3*l = -33, 0 = 5*m - 0*l - 2*l - 62. What is the remainder when s is divided by m?
9
Let l be ((-20)/35)/((-2)/14 + 0). Suppose b - 149 = -l*b - 2*o, 5*o = 4*b - 139. Calculate the remainder when b is divided by 8.
7
Let p(i) = i**3 + 10*i**2 + 20*i - 2. Let k be ((-5)/1 + 2)/(10/20). Calculate the remainder when 33 is divided by p(k).
11
Suppose -27*v - 466227 = -88*v - 18365. Calculate the remainder when v is divided by 204.
202
Suppose -3*c - z = -299, -5*c + 58 = 4*z - 452. Suppose -4*d = 5*w - c, 4*w + w = -2*d + 94. Calculate the remainder when 52 is divided by w.
16
Let l(v) = 30*v**2 - 22*v + 85. What is the remainder when l(4) is divided by 92?
17
Let r(i) = -i**3 + 4*i**2 + i - 7. Let p be r(3). Suppose p*k + 23 = 9*a - 6*a, 2*a = 2*k + 14. What is the remainder when a is divided by 1?
0
Let z be (-2 + 21/3)*23. Let n = 618 - 510. Let j = z - n. Calculate the remainder when 55 is divided by j.
6
Let w(n) = 3*n**3 + 86*n**2 - 31*n + 32. What is the remainder when 1346 is divided by w(-29)?
86
Let n = -10875 + 11094. Calculate the remainder when 907 is divided by n.
31
Suppose 9720 - 134568 = -459*x. Suppose n + 0*n = 39. What is the remainder when x is divided by n?
38
Suppose -18 + 124 = 2*m. What is the remainder when 38/665 - (-4 - 20992/140) is divided by m?
48
Suppose 3*n + 29 = 35. Let x(l) = -5*l**2 + 3*l**2 + 3*l**2. Calculate the remainder when 26 is divided by x(n).
2
Suppose -4 = -33*y + 31*y. Suppose -y*m + 42 = 4*j - 2*j, 2*j - 41 = -3*m. What is the remainder when 85 is divided by j?
19
Suppose -7*o + 32 = -9*o. Calculate the remainder when 73 is divided by o/(-56)*(132 - -1).
35
Let k be (-147)/(-7)*(-6)/(-7). Suppose -3*v + k = -12*v. What is the remainder when 71 is divided by (1/(-4)*-50)/(v/(-4))?
21
What is the remainder when ((8 - 7317) + (-16 - -9))*(-6)/8 is divided by 28?
27
Let n = 700 + -494. Let q = 247 + n. What is the remainder when q is divided by 17?
11
Suppose 0 = -0*b + b + n, 0 = b + 3*n. Suppose b = 9*t - 14*t + 80. What is the remainder when 48 is divided by 65/20*t/4?
9
Let m(t) = t**3 + 49*t**2 + 30*t + 150. What is the remainder when m(-48) is divided by 35?
34
Let